
Suppose -6*s - 2*s = -8. Suppose 5*c - 2 = 2*i + c, -5*c + 5 = 0. Let o(p) = i - 5*p**2 - 1 + p. Calculate o(s).
-4
Let i(m) be the third derivative of -m**6/120 + 23*m**3/6 - m**2 - 7. Give i(0).
23
Let q(y) = -121 - y**2 - 21*y + 308 - 160. What is q(-22)?
5
Let f(q) = -4*q**2 - 3*q - 1. Let l(z) = -z**2 + 11*z - 19. Let s be l(9). Let y(d) = d. Let w(n) = s*y(n) - f(n). Give w(-2).
13
Let g(i) = -1 - 2*i + 0 + 3*i. Let s = -22 + 76. Let q be (-2)/12 + (-207)/s. Give g(q).
-5
Let k(o) be the first derivative of o**4/4 + 4*o**3/3 - 7*o**2/2 - 6*o - 1. Suppose -d + 4*r = -3*d + 6, -2*r = 2*d + 2. What is k(d)?
4
Let y(k) = -k - 5. Let b(x) = -1. Let m(s) = 22*b(s) - 6*y(s). Let f(n) = 5*n + 7. Let g(u) = -5*f(u) + 4*m(u). Calculate g(-6).
3
Let m(s) = 3*s**2 - s - 2. Let x(r) = -r**2 - r - 1. Suppose -9*d - 2 = -7*d. Let z(g) = d*m(g) + 2*x(g). What is z(1)?
-6
Let j(y) = y**2 + 2*y - 6. Let g(f) = f**3 + 12*f**2 + 9*f - 27. Let i be g(-11). Calculate j(i).
9
Let x(b) = b - 6. Let c be x(0). Let p(i) be the first derivative of -17 - 1/3*i**3 - 2*i**2 + 5*i. Determine p(c).
-7
Let f(v) be the first derivative of -11 + 1/2*v**2 + 2*v + 1/4*v**4 + 0*v**3. Let z(i) = -i**3 - 3*i**2 + 4*i. Let c be z(-4). Give f(c).
2
Suppose -x = -7*p + 3*p + 20, -24 = 3*x - 3*p. Let q(k) = -k**3 - 4*k**2 + k + 5. Let i be q(x). Let h(g) = 2*g. Calculate h(i).
2
Let v(l) = 11*l - 3. Suppose -98 + 7 = 13*g. Give v(g).
-80
Let d = 9 - 9. Suppose 3*g = g - 8, d = -4*i + g + 16. Let f(v) = 5*v - 6 + 4*v + i*v - 6*v**2 - 5*v + v**3. What is f(5)?
4
Let u(t) be the third derivative of t**7/840 + t**6/360 - t**5/120 - 7*t**4/12 + 20*t**2. Let d(a) be the second derivative of u(a). Determine d(1).
4
Let l = -16 - -19. Let a(r) = 0*r - 2 - r - 20 + l. Let u(v) = -v - 20. Let c(s) = -4*a(s) + 3*u(s). What is c(0)?
16
Let d(b) = -12*b**3 + b**2 + 2*b + 1. Let l = 31 + -22. Suppose -2*a + l = 5*u, 4*a - 5*u - 1 = 2. Let q = 1 - a. Determine d(q).
12
Let w(q) be the first derivative of -q**3/3 + q**2 + 6*q - 112. Give w(-4).
-18
Let r(m) be the second derivative of m**6/120 + m**5/12 - 7*m**4/24 - m**3/6 - 17*m**2/2 + 37*m. Let p(a) be the first derivative of r(a). Give p(-6).
5
Let j(f) = -f**2 + 9*f - 10. Let o(b) = b**2 - 9*b + 11. Let k be o(8). Suppose -2*s - k*s - 30 = v, 2*s - 5*v = -12. Let c = s - -13. Give j(c).
4
Let n(k) be the second derivative of -1/20*k**5 + k**2 - 6*k + 5/12*k**4 + 0 + 7/6*k**3. Let z(l) = -2*l + 2. Let d be z(-2). Determine n(d).
8
Let p(t) = -2*t - 2 - 7 + 11. What is p(3)?
-4
Let b(u) = u + 6. Suppose 4*y + 4 = -2*n - 2*n, -17 = -n + 5*y. Calculate b(n).
8
Let r(n) = 6*n - 10. Suppose -122 = -5*t + 2*i - 123, t = -2*i + 7. Give r(t).
-4
Let q = -16 - -19. Let a(g) = -q + g**3 - 5 - g**2 - 2*g**2 + 9 - g. Give a(3).
-2
Let c(b) = -2*b + 10. Suppose -45 = 17*q - 22*q. Suppose q = f + 1. What is c(f)?
-6
Let t be 5*(-14)/(-10) + -11. Let r(f) = f**3 + 5*f**2 + f + 2. Determine r(t).
14
Let c = 57 + -60. Let m(z) = -2*z**2 - 5*z - 4. Determine m(c).
-7
Let w(l) = -2*l**2 - 4*l + 1. Let d(p) = -p**2 - p + 1. Let y(a) = 3*d(a) - w(a). Let s = 25 + -30. Let m be (-6)/(-12)*(s + 1). What is y(m)?
-4
Suppose 35*j - 105 = -280. Let i(l) be the first derivative of l**2 - 4*l - 1. Calculate i(j).
-14
Let u = 35 + -34. Let r be (-12 - -6 - (-1 - u))/2. Let c(y) = -2*y**2 - y - 2. Determine c(r).
-8
Let i(f) = -f + 4. Let t = 16 - 15. Let o = 4 - t. Let z be 12*o*(-1)/(-6). Calculate i(z).
-2
Let p be (12/(-9))/((-6)/9). Let d = p - 3. Let b(z) = 3*z**2 + 1. What is b(d)?
4
Let x(f) = -4*f - 1. Let p be x(-2). Let d(q) = 5*q - 6. Let k(t) = -2*t + t - t + 5 - 2*t. Let w(c) = p*k(c) + 6*d(c). Give w(3).
5
Let j(n) = -n. Let r(m) = 6*m + 4. Let o(p) = 4*p**2 + 3*p - 2. Let a be o(1). Let s(d) = a*j(d) + r(d). What is s(0)?
4
Let j(o) = o**3 - 7*o**2 + 2*o - 8. Let a be j(7). Let k be -11 - -10 - (a/(-3) - -1). Let p(l) = -l**2 + 5. What is p(k)?
5
Let j(v) = v**2 - 169*v + 338. Let s be j(2). Let l(c) = 1. Let o(k) = -5*k - 5. Let y(a) = 6*l(a) + o(a). What is y(s)?
-19
Let i = 2 - -17. Let r(p) = -6*p - 14*p + 1 + i*p - 12*p. Give r(1).
-12
Let g(t) = -4 - 4*t**3 + 4*t**3 + 3*t**2 + 6*t - 3*t**3 + 2*t**3. Give g(4).
4
Let u(f) = -3*f**3 - 42*f**2 - 10*f + 32. Let w(s) = 2*s**3 + 27*s**2 + 6*s - 21. Let r(k) = 5*u(k) + 8*w(k). Let h = -21 + 29. Let y = h - 14. What is r(y)?
4
Suppose -3*i - 18 = -6*i. Let z(r) = r**2 + 1 + 0*r**2 - i - r. Suppose 4*g - 10 - 3 = c, 28 = 4*g + 4*c. Calculate z(g).
7
Let h(b) be the first derivative of b**4/4 + 8*b**3/3 - b**2/2 - 6*b + 212. Calculate h(-8).
2
Suppose 0 = -21*q + q - 100. Let h(l) = -4*l - 22. Determine h(q).
-2
Let b(c) = -9*c**3 - 3*c**2 + 3*c - 5. Let g(x) = 7*x**3 + 2*x**2 - 2*x + 4. Let s(h) = 3*b(h) + 4*g(h). Determine s(-3).
-38
Suppose 5*i = -4*b - 55, -4*b + 36 = 16. Let r(t) = -t - 22. What is r(i)?
-7
Let r(u) = u + 2 - 5 + 3 - 1. Let o(v) = 8*v**2 + v - 1. Let l be o(-1). Give r(l).
5
Let y(j) = 8*j**3 - 25*j**2 - 5*j + 13. Let k(v) = -7*v**3 + 23*v**2 + 6*v - 12. Let q(d) = 7*k(d) + 6*y(d). Calculate q(12).
-6
Suppose -n = 4*c - 21, -3*c + 7 = -0*n - n. Let g be -7 - -3 - (-7)/(7/10). Let u = c - g. Let q(a) = 2*a**2 - a + 1. What is q(u)?
11
Let m be (-4 + 1)/(6/18). Let q(a) = 5*a**3 - 35*a**2 - 32. Let i(x) = -3*x**3 + 23*x**2 + 21. Let s(o) = 8*i(o) + 5*q(o). Calculate s(m).
8
Suppose -10 = -35*n + 30*n. Let h(z) be the third derivative of 1/24*z**4 + 1/2*z**3 + 0*z + 0 - 4*z**n. What is h(-5)?
-2
Let p = 22 + -19. Let c(f) = 3*f**2 + 3*f - 5. Let q(k) = -4*k**2 - 4*k + 4. Let n(h) = p*c(h) + 2*q(h). Calculate n(0).
-7
Suppose o = 5*o - 80. Let i(c) = c**3 + 10*c**2 - 15. Let p be i(-10). Let u = p + o. Let w(z) = z**3 - 4*z**2 - 4*z. Calculate w(u).
5
Let o(s) = -s + 9. Let m(k) = 2*k - 29. Let y(z) = m(z) + 3*o(z). Let v = 2 - 2. Calculate y(v).
-2
Let m(v) = v**2 + 5*v - 4. Suppose -j = -4*j + 6. Let o(d) = 15 - 14*d**j - 7 - 10*d + 12*d**2. Let a(z) = 9*m(z) + 4*o(z). What is a(-6)?
2
Let z(w) = 1 + 1 - 519*w + 518*w + 6*w**2 - 2*w**2 + 0 - w**3. What is z(4)?
-2
Let p(f) = 47*f**2 + 2. Let m be p(-2). Let z(l) = -6*l**2 + l - 191*l**3 - 6*l - l + m*l**3. What is z(-5)?
5
Let s(v) = -2*v + 4. Let l = 14 + -11. Let h(z) = -2*z - 4. Let r be h(-6). Let p be l*1*(-9 + r). Determine s(p).
10
Suppose 5*g = 4*g + 2. Let v(u) = -u**3 - 3 + 5*u - u**g + 2*u**2 + 0*u**2. What is v(3)?
-6
Suppose q + 14 = -4*p, 2*q + 5*p + 12 = -7. Let b be (-12)/(0 + (q - 0)). Suppose 0 = -b*j + 22 + 14. Let a(x) = -x + 5. What is a(j)?
-1
Let r = -101 + 53. Let p be ((-3)/2)/(36/r). Let o(w) = 0 - w + 5 - 4 + p. Calculate o(4).
-1
Let n(k) = -k**3 + k**2 + k + 7. Let v(l) = l**3 + 14*l**2 - 15*l - 5. Let d be v(-15). Let u = d + 5. Give n(u).
7
Let s(j) = 2*j**3 - j**2 - j - 1. Let l(w) = -5*w**3 + 8*w**2 - 2*w + 8. Let o(g) = l(g) + 3*s(g). Calculate o(-6).
-1
Let g(k) be the second derivative of k**5/20 + 2*k**4/3 - 5*k**3/3 - 5*k**2/2 - 79*k - 9. Let c(r) = -10*r + 1. Let l be c(1). Calculate g(l).
4
Let a(i) be the first derivative of i**4/4 - 5*i**3/3 + 3*i**2 + i + 450. Determine a(5).
31
Let l(z) = 14*z - 50. Let n be l(4). Let f(s) = -8*s + n*s**2 + s**2 - 2*s**2 - s**3 - 13*s**2 - 3. Determine f(-7).
4
Suppose 2 = m + 3. Let r be (-28)/(-2) + -3 + m. Suppose r = -0*p - 2*p - 2*v, 5*v = -2*p - 7. Let x(d) = d**2 + 6*d + 5. What is x(p)?
5
Suppose 31*f - 56 = 68. Let k(o) = -4*o + 13. Give k(f).
-3
Let n(g) = -2*g**2 + 65*g + 33. Let o be n(33). Let u(x) = -x**2 - 8. Determine u(o).
-8
Let j(x) = -x + 1. Let l(m) = 2*m - 12. Let k(b) = -2*b - 13. Let s be k(-7). Let i(h) = s*l(h) + 4*j(h). Calculate i(-6).
4
Let n(z) = 19*z**2 - 1. Suppose -196 = -5*g - 4*r, 3*g + 3*r - 125 = 8*r. Let x be (2/(-5))/(16/g). What is n(x)?
18
Let z(r) = -4*r**2 - 3*r**2 + 0*r**2 + 4*r**2 - 1. Let b(h) = -h**3 - 10*h**2 + 1. Let q be b(-10). Determine z(q).
-4
Let f(h) = -2*h**2. Let a(j) = -7*j**2 - 3*j - 4. Let o(i) = a(i) - 5*f(i). Let m be 1/(-3) - 10/(-3). What is o(m)?
14
Let f(s) = -2*s**2 - 23*s + 15. Let b(w) = w**2 + 13*w - 7. Let g(x) = -7*b(x) - 4*f(x). Give g(0).
-11
Let m(c) = 139*c + 838. Let b be m(-6). Let h(g) = -5*g + 6. Determine h(b).
-14
Let m(b) = -b**2 - b - 2. Let k be m(0). Let c(r) = 4*r - 10. L